is -2 + 123?
121
In base 13, what is 7 + -511?
-507
In base 14, what is 1 + a?
b
In base 3, what is -1000 - -21?
-202
In base 7, what is 666 - 5?
661
In base 12, what is -803 + 2?
-801
In base 10, what is 18 - 3?
15
In base 7, what is -205 + 6?
-166
In base 3, what is 2 + -22112?
-22110
In base 16, what is 90 + -d?
83
In base 10, what is 147 + 18?
165
In base 9, what is -1346 + 5?
-1341
In base 10, what is 8 - -3?
11
In base 2, what is 10000011 - -10000111?
100001010
In base 4, what is 300022 - 10?
300012
In base 8, what is -50 + 21?
-27
In base 3, what is 1022 - -2?
1101
In base 13, what is 11a + -4?
116
In base 4, what is 30 + -1203?
-1113
In base 5, what is -140 + -102?
-242
In base 14, what is -1 - 2bd?
-2c0
In base 11, what is 15 + -96?
-81
In base 11, what is -500 + 3?
-4a8
In base 12, what is -7 + -410?
-417
In base 5, what is 11434 + 13?
12002
In base 5, what is -11 - 1?
-12
In base 12, what is -17a9 - -1?
-17a8
In base 3, what is 2011 - 10210?
-1122
In base 13, what is -3 - -142?
13c
In base 9, what is -66 + 47?
-18
In base 12, what is 1b - -333?
352
In base 5, what is -3 + -144?
-202
In base 2, what is -110 + 110010100011?
110010011101
In base 2, what is 110 + 10111111011?
11000000001
In base 5, what is -21004 + -1?
-21010
In base 8, what is 10 + -102?
-72
In base 7, what is -4 + -660?
-664
In base 4, what is -2 + 103100?
103032
In base 16, what is 3d - -3b?
78
In base 5, what is 112 + -1234?
-1122
In base 10, what is -193 - 5?
-198
In base 12, what is -20 + -31?
-51
In base 3, what is 12 - 2101?
-2012
In base 10, what is 16 + 809?
825
In base 7, what is 4522 - -2?
4524
In base 15, what is 2 + 24?
26
In base 4, what is -2 - 110?
-112
In base 2, what is -1011111001 + -1?
-1011111010
In base 3, what is -2 + -110100?
-110102
In base 2, what is 1101111011000 + -11?
1101111010101
In base 2, what is 110000111 + 1?
110001000
In base 7, what is -5 - 166?
-204
In base 15, what is 6 + -2d?
-27
In base 9, what is 124 + 4?
128
In base 11, what is -84 + -15?
-99
In base 5, what is 2 - 234?
-232
In base 5, what is 44 - 2?
42
In base 14, what is 0 - -17?
17
In base 6, what is -14504 - -4?
-14500
In base 13, what is -1806 + 5?
-1801
In base 11, what is -2 - 2?
-4
In base 9, what is 0 + -80?
-80
In base 14, what is -24 + 38c?
368
In base 4, what is -11 + -303?
-320
In base 2, what is -11 - 1111011?
-1111110
In base 7, what is -14066 + -1?
-14100
In base 6, what is -13043 + -4?
-13051
In base 8, what is -7 + -16?
-25
In base 12, what is 23 - 997?
-974
In base 3, what is -11100020 + 12?
-11100001
In base 11, what is -8 + 8?
0
In base 6, what is 404 + -1?
403
In base 8, what is 571 + -11?
560
In base 4, what is -13 + 23?
10
In base 15, what is 44 + 37?
7b
In base 8, what is -425 + -11?
-436
In base 8, what is -4 + 6?
2
In base 14, what is -40 - 3?
-43
In base 9, what is 42 + 6?
48
In base 16, what is -4 + 6e?
6a
In base 16, what is 5 - 1c?
-17
In base 5, what is 140 + 12?
202
In base 2, what is -1100101011010 + 0?
-1100101011010
In base 12, what is 2a - 1?
29
In base 8, what is -537 + 3?
-534
In base 4, what is 1 + -1101?
-1100
In base 16, what is -d - -6?
-7
In base 11, what is -1 - -26?
25
In base 13, what is 3 + 634?
637
In base 4, what is 21010 + 31?
21101
In base 3, what is 110022002 - 12?
110021220
In base 16, what is 4 + 15?
19
In base 11, what is -252 + 3?
-24a
In base 3, what is -2 - 120022?
-120101
In base 7, what is -5 - 231?
-236
In base 6, what is -2 - -143?
141
In base 13, what is -12c + 5?
-127
In base 16, what is -56 + -2?
-58
In base 5, what is 43323 - -2?
43330
In base 14, what is -9b39 + 1?
-9b38
In base 5, what is 41 + -1?
40
In base 16, what is 10b + -2?
109
In base 9, what is -2 - 132?
-134
In base 15, what is -20 - 4?
-24
In base 9, what is 26 + 46?
73
In base 5, what is 34433 - 3?
34430
In base 9, what is 1567 - -5?
1573
In base 6, what is -5022 + 1?
-5021
In base 7, what is -163 - 54?
-250
In base 16, what is -92c - 6?
-932
In base 7, what is -6 + 120?
111
In base 5, what is 22 + 2?
24
In base 5, what is 100 - 13?
32
In base 13, what is -c - -15?
6
In base 11, what is 7 + -5?
2
In base 4, what is -2 - -10330?
10322
In base 16, what is 2a4 - 6?
29e
In base 11, what is 0 - 3?
-3
In base 3, what is 2 + -11211201?
-11211122
In base 5, what is -10 + -131?
-141
In base 12, what is -5 + a9?
a4
In base 7, what is -1241 + -3?
-1244
In base 16, what is 4 - -28a?
28e
In base 9, what is 4 - 31?
-26
In base 5, what is -113 - -210?
42
In base 5, what is 21102 - 4?
21043
In base 15, what is -4 - 63?
-67
In base 5, what is -10 - 4031?
-4041
In base 4, what is -102 + -1102?
-1210
In base 5, what is -413 + -134?
-1102
In base 5, what is -4 + 121?
112
In base 9, what is 2 + 72?
74
In base 12, what is -521 - 5?
-526
In base 4, what is 131 + 101?
232
In base 3, what is 20121 - 100?
20021
In base 11, what is -112 + 0?
-112
In base 12, what is -11 + 100?
ab
In base 9, what is -2 + 635?
633
In base 4, what is -11 - 12133?
-12210
In base 15, what is 5 - 12?
-c
In base 15, what is 0 + -48?
-48
In base 15, what is -8d + -21?
-ae
In base 5, what is 1024 - -3?
1032
In base 11, what is -2 + -918?
-91a
In base 2, what is 11001010 + 100?
11001110
In base 6, what is -40 - -1253?
1213
In base 6, what is 405 + 3?
412
In base 2, what is -101 - -111001?
110100
In base 5, what is 3 - 11?
-3
In base 6, what is 2122 - 3?
2115
In base 10, what is -120 - -4?
-116
In base 12, what is -21 - 88?
-a9
In base 7, what is -3 - 1415?
-1421
In base 13, what is 5 + -aa?
-a5
In base 5, what is 40241 + -4?
40232
In base 13, what is -54 - -3?
-51
In base 6, what is -2 - -513?
511
In base 16, what is 1c + -1e?
-2
In base 13, what is -89 - 11?
-9a
In base 7, what is -3320 - 5?
-3325
In base 12, what is -7 - -a1?
96
In base 13, what is 3 + -c0?
-ba
In base 12, what is -10 + 24?
14
In base 3, what is 21100 + 200?
22000
In base 11, what is 8171 - -1?
8172
In base 7, what is 1 + -254?
-253
In base 6, what is -5 - -400?
351
In base 16, what is 0 + -5cf?
-5cf
In base 6, what is -520 - 40?
-1000
In base 15, what is 4ee + -6?
4e8
In base 8, what is 20 + 5?
25
In base 5, what is -133 + -4?
-142
In base 16, what is 1a - -9?
23
In base 8, what is -20 + -347?
-367
In base 10, what is -549 + -2?
-551
In base 5, what is 144 + 20?
214
In base 9, what is 122 + -5?
116
In base 6, what is -4313 + 5?
-4304
In base 7, what is -3 - -140?
134
In base 2, what is 1110 - -1101110?
1111100
In base 2, what is -101110111101 + 101?
-101110111000
In base 10, what is -350 - -4?
-346
In base 3, what is 0 + -11102211?
-11102211
In base 15, what is 1 - -11?
12
In base 7, what is 25635 + -3?
25632
In base 13, what is -704 - -2?
-702
In base 2, what is -1000000 - 10110?
-1010110
In base 14, what is -3a05 + 0?
-3a05
In base 6, what is -12 + 520?
504
In base 5, what is 3 + 40?
43
In base 11, what is -103 - 11?
-114
In base 8, what is -14 - 24?
-40
In base 13, what is 3 - -356?
359
In base 16, what is -3 + 90?
8d
In base 10, what is 0 - 48?
-48
In base 2, what is 0 - -10011?
10011
In base 14, what is 0 - -55?
55
In base 11, what is 1293 - 1?
1292
In base 3, what is 12 - -2221001?
2221020
In base 4, what is -11112 - -2?
-11110
In base 9, what is -4 - -2?
-2
In base 9, what is 0 - -120?
120
In base 9, what is -18 - 15?
-34
In base 4, what is 21 - -3313?
10000
In base 8, what is 2 + -622?
-620
In base 2, what is -110 - -10000011001?
10000010011
In base 12, what is 7 + 11a2?
11a9
In base 5, what is -2 + 431?
424
In base 3, what is 20211 - 2?
20202
In base 13, what is -1b51 + -3?
-1b54
In base 3, what is 2 - 12020?
-12011
In base 5, what is -3 + 22?
14
In base 6, what is 51 - -5?
100
In base 10, what is -3630 - -5?
-3625
In base 16, what is d7a + -4?
d76
In base 14, what is -3 - -1?
-2
In base 5, what is -101 - 24?
-130
In base 9, what is 1062 + 30?
1102
In base 3, what is -10 - -2100?
2020
In base 6, what is 2 - 552?
-550
In base 16, what is -1a - -2d?
13
In base 2, what is -11 - -1000011110?
1000011011
In base 16, what is 12 + 74?
86
In base 3, what is -12201 + 0?
-12201
In base 15, what is -2 - -5a?
58
In base 16, what is 3 + -28b?
-288
In base 12, what is -4 + -96?
-9a
In base 12, what is -6b0 - 9?
-6b9
In base 14, what is 14 + -10b?
-d7
In base 8, what is 14 + -16?
-2
In base 6, what is -23 + 1?
-22
In base 4, what is